What is the units digit of t?
7
Let l(j) = 86*j**3 - j**2 + j - 1. What is the tens digit of l(1)?
8
Let y(d) = 6*d**2 + d - 6. Let p be y(3). Suppose -p = 2*n - 5*n. What is the units digit of n?
7
Let r = -23 + 19. Let g = r + 10. What is the units digit of (3/(-6))/((-3)/g)?
1
Let n(c) = 7*c**3 - 29*c**2 - 72*c + 57. Let h(v) = -4*v**3 + 14*v**2 + 36*v - 28. Let i(q) = 5*h(q) + 3*n(q). What is the units digit of i(19)?
9
Let i(w) = -w**3 - w - 23. Let l be i(0). Let k = l - -35. Suppose -k = -3*p - 0. What is the units digit of p?
4
Let y(p) = p**2 - p - 6. Let q be (3 + -1)/((20/(-16))/5). What is the units digit of y(q)?
6
Let z = 601 - 352. What is the tens digit of z?
4
Let w be -1 + 7 + (5 - (-3 + 8)). What is the tens digit of (20/w)/5*57?
3
Suppose -a + 6 = 4*n - 3*a, -4*n - 4*a = -12. Let u(l) = 4*l + 1 - l**3 - 6*l - 5*l**n + 11*l**2. What is the tens digit of u(3)?
2
Suppose 2*r - 5 = 3. Suppose -2*y + 199 = p, -r*p + 0*p + 388 = 4*y. What is the units digit of y?
2
Let q be 24/(-4) + (-600)/(-20). Suppose 0 = 2*t - 4, 0 = 3*m - 4*t - 0*t - 4. Suppose m*r - q = r. What is the units digit of r?
8
Suppose -2*g = 5*d - 974, 265 = g - 4*d - 209. What is the hundreds digit of g?
4
Let w(t) = 3*t - 15. Let c be w(6). Suppose 0 = -4*y + 2*a + 408, -y = c*a - 6*a - 107. What is the units digit of y?
1
Suppose 4*j = q + 115, -4*q - 418 = -4*j + 2*j. Let m = q + 159. What is the units digit of m?
6
Let v = -232 - 182. What is the units digit of v/(-21) + 4/14?
0
Let a(m) = 3*m + 29. Let g be a(-10). Let q = 133 + g. What is the units digit of q?
2
Let h be -2*(-28)/(-20)*(-35)/2. Let c = h + -8. What is the tens digit of c?
4
Let g = 13 + -10. Let j(p) = -1 - 6*p**g - p + 3*p**3 - 2*p + p. What is the tens digit of j(-2)?
2
Let h(s) be the first derivative of 4*s**3/3 - 3*s**2/2 - 11*s - 2. What is the units digit of h(4)?
1
Suppose -4*d - 84 = -7*d. Suppose 0 = 23*i - 25*i + 300. What is the tens digit of (d/10)/(10/i)?
4
Let i(o) be the third derivative of -o**8/3360 - o**6/360 + 5*o**4/24 - o**2. Let g(x) be the second derivative of i(x). What is the units digit of g(-2)?
0
Let m(v) = -v**3 - 26*v**2 + 33*v + 11. What is the units digit of m(-28)?
5
Let d = 4 - 6. Let c = 71 + -73. What is the tens digit of (23/c)/(d/4)?
2
Let r(t) = -t**3 - 3*t**2 + 6*t - 5. Let u be r(-5). Suppose f - 3*f - u = g, 3*f + 4*g = -30. Let m(c) = -c**2 - 9*c - 1. What is the tens digit of m(f)?
1
Let w = 612 + -433. Let l(y) = y**3 + 4*y**2 + 2*y. Let v be l(-3). Suppose -4*b - v = -w. What is the units digit of b?
4
Suppose 14*h - 8*h - 4770 = 0. What is the units digit of h?
5
Suppose -182*q = -184*q + 1778. What is the units digit of q?
9
Let h(l) be the first derivative of -7*l**2 - 61*l + 38. What is the tens digit of h(-19)?
0
Suppose -2*z - z = 60. Let o = 30 + z. What is the units digit of (1 + 15/o)*20?
0
Let y(b) = 2*b + 27. Let c be y(-16). What is the units digit of c/(-2)*(28 + -18)?
5
Suppose -3*s = -0*s + 15. Let a(o) = -23*o - 7. Let h be a(s). Suppose -6*g - 112 = -4*r - 2*g, 4*r - h = 5*g. What is the units digit of r?
2
Let g be 169/9 + 392/63 + -6. Suppose -3238 = -g*m + 2253. What is the units digit of m?
9
Let o(v) be the second derivative of v**4/12 + v**3/3 - v**2 - v. Suppose 2 = -3*g + 4*g. What is the units digit of o(g)?
6
Suppose -72*h + 57*h + 59100 = 0. What is the units digit of h?
0
Let k(p) = -3*p**2 + 2 + 2*p**2 + 5*p - 2*p + p**3 + 2*p. What is the tens digit of k(4)?
7
Let t(b) = -b - 4. Let w be t(-6). Let s be (-2 - w)/(3/(-24)). Suppose a = 2*i - s, -a = -3*i + a + 47. What is the tens digit of i?
1
Let d(r) = r + 7. Suppose -5 + 23 = -2*t. Let o be d(t). What is the tens digit of o - (-12)/2 - -8?
1
Let a be -2 + 2 + -2 + 3. Let w(n) = 13*n - 3. What is the tens digit of w(a)?
1
Suppose 0 = 2*o + 4*t + 678, 0 = 2*o + 4*t - t + 676. Let n be o/4 - (-2)/(-8). What is the units digit of 6/9*n/(-4)?
4
Let j = 14 + -10. Suppose 5*h + j*t - 386 = 0, 3*t - 4*t + 233 = 3*h. Suppose 2*r - h = -3*u, 0 = 5*u - 4*r + 5*r - 137. What is the units digit of u?
8
Suppose 0 = 2*j - 5*h - 1004, 0 = 2*j - 3*h + h - 992. What is the hundreds digit of j?
4
Suppose -1928 = 9*t - 10739. What is the hundreds digit of t?
9
Suppose 3*i - 231 = 4*x + 585, 4*i = -2*x + 1066. What is the hundreds digit of i?
2
Suppose -35*t + 56283 = -17217. What is the hundreds digit of t?
1
Suppose s + 3*s + 21 = 3*o, 4*s + 28 = 4*o. Let y = 430 + -428. Suppose -y*k = -o*k + 205. What is the tens digit of k?
4
Let r(h) = 1 - 5*h - 2 - 1. Let l = 3 - 9. What is the units digit of r(l)?
8
Let p be 0*(0/(-6) + (-1)/(-1)). Suppose p = -15*d + 6*d + 207. What is the units digit of d?
3
Suppose 4*c - 196 = -2*v, 0*c - 5*v - 38 = -c. What is the tens digit of c?
4
Suppose -3*h = -8*h + 2240. Suppose -h = -i - 3*i. What is the hundreds digit of i?
1
Let k = -34 - -40. Suppose -221 = -5*y - b, k*y - b - 219 = y. What is the tens digit of y?
4
Let j(t) = 38*t - 16. Let g(r) = -r**3 - r**2 + r + 4. Let w be g(0). What is the units digit of j(w)?
6
Suppose y - 4*y + 30 = 0. Suppose 10 = 4*g - y, 0 = d + 3*g - 31. What is the units digit of d?
6
Let u = -1772 + 2617. What is the units digit of u?
5
Suppose -2*r - 2 = 3*w, -4*r + 4*w + 27 = -9. Suppose r + 0 = -h. Let f = h - -12. What is the units digit of f?
7
Let l be (-8)/14 + (-232)/(-14). Suppose 315 = -l*i + 21*i. What is the units digit of i?
3
Let g(c) = 13*c + 5. Let w be 6 + (3 - 1)*-1. Let t be g(w). Let u = t - 32. What is the tens digit of u?
2
Let y(v) = 26*v + 39. Let f be y(-6). Let p = f - -375. What is the tens digit of p?
5
Suppose -q = -160 - 122. Suppose 3*r - q = -3*r. What is the tens digit of r?
4
Let v = -37 + 603. What is the units digit of v?
6
Let b = -175 - -562. What is the tens digit of b?
8
Let r be ((-1788)/10)/((-14)/(-70))*-1. Suppose -12*i = -6*i - r. What is the hundreds digit of i?
1
Suppose -11*x = -0*x - 2057. What is the units digit of x?
7
Let v be (100/15)/((-8)/(-6) - 1). Suppose -2*o + 135 = o. Let i = o - v. What is the tens digit of i?
2
Suppose -14*s + 18 = -13*s. What is the units digit of 6409/117 - (-4)/s?
5
Let d = 7177 - 3685. What is the units digit of d?
2
Let q(m) = -m**3 - 3*m**2 + 11*m + 5. Let t be q(-5). What is the units digit of (2/(-5))/((-4)/1280) + t?
8
Suppose 2*z - 4*z = -4, -x = 5*z + 4137. What is the units digit of x/(-44) - 2/8?
4
Let j = 1516 + -1014. What is the tens digit of j?
0
Let z be 180*(20/12 + 1). What is the tens digit of ((-9)/4)/((-18)/z)?
6
Suppose 9*p = 37 - 10. Suppose -p*d = -3*y - 627, -4*d - y + 416 = -410. What is the hundreds digit of d?
2
Let r be (4/14)/((-5)/(-70)). Let d be (-10)/(-15)*222/r. Let q = 7 + d. What is the tens digit of q?
4
Suppose 0 = -r - 5*b + 29, -4*r = -5*b + 2*b - 1. What is the hundreds digit of -5 - (-2524)/16 - 3/r?
1
Let f = 3 + -1. Suppose -3*p = -0*p - 12. Suppose x + 47 = 2*q, x - 79 = -p*q - f*x. What is the tens digit of q?
2
Let g(r) = 2*r**2 + 23*r + 40. What is the hundreds digit of g(-22)?
5
Let a = -36 + 34. What is the hundreds digit of -4*a/(-20) + (-3651)/(-15)?
2
Suppose 4266 = 4*x + 2*n, 5*n + 15 = 10. What is the hundreds digit of x?
0
Let z(p) = -p**3 - 3*p**2 + 3*p + 3. Let c be z(-6). Suppose -c = -10*j + 7*j. Suppose 4*l + 3 = j. What is the units digit of l?
7
Let d = -469 + 936. What is the hundreds digit of d?
4
Suppose 4*p + 0*p = 152. Suppose 0 = -35*m + p*m - 564. Suppose -2*k = -6*k + m. What is the units digit of k?
7
Suppose 4*j - 1244 = -80. What is the units digit of j?
1
Let s(m) = 21*m + 807. What is the units digit of s(-21)?
6
Suppose 27*f - 241 = 28*f. Let w = f + 347. What is the hundreds digit of w?
1
Let z(d) = d - 6. Let r be z(8). Let p be r - 4 - -2 - -6. What is the tens digit of (p/(-5))/(2/(-35))?
2
What is the units digit of 6/(-4)*(-7)/((-126)/(-13980))?
5
What is the tens digit of 156 - (-8)/(-10)*5?
5
Let j(b) = 38*b**3 - b**2 + 1. Let f be j(1). What is the units digit of (f/2 - 1)/((-21)/(-98))?
4
Let z = -20 - -26. Suppose 250 = 4*a + z. What is the units digit of a?
1
Let k(w) = -4*w + 71. Let o(v) = -v + 18. Let g(z) = -2*k(z) + 9*o(z). Let c be g(9). Suppose 5*h = 49 + c. What is the tens digit of h?
1
Suppose 0 = -3*d + u + u + 365, -2*d + 3*u 